z(o). What is a(-6)?
43
Let l(x) = -x**3 - 3*x**2 - 6*x + 8. Let y(u) = u**3 + 4*u**2 + 7*u - 9. Suppose a + 19 = -5*q, 2*a + 4*q = 4*a - 4. Let o(g) = a*y(g) - 5*l(g). Determine o(3).
20
Suppose 0 = -3*q + 2*q - 2*p + 14, -2*q + p = -8. Let b(y) = y**2 - 6*y + 6. Let d be b(q). Let z(x) = -6 + d*x - 2*x + 5*x**2 + 9 - x**3. Determine z(6).
-9
Let v(r) = -3*r**3 + 2*r**2 - 3. Let o(l) = l**3 - l**2 + l + 1. Let g(k) = 2*o(k) + v(k). Let w be (-4)/28 + 13/(-7). Determine g(w).
3
Let o(b) = b**3 - b**2 - 4*b + 1. Suppose 0 = -l - 3*a - a - 33, 3*a = 0. Let j = l - -36. Give o(j).
7
Let m(k) = k**3 + 4*k**2 - 6*k - 3. Suppose 0 = -4*i - 0*i + 12. Let y = 1 + i. Suppose -2*s + y*s = -10. Give m(s).
2
Let l(k) = -k**2 - 8*k - 8. Let a(o) = -6 + o - 2*o**2 + 4*o + o**2. Let q = -83 - -88. Let f be a(q). Give l(f).
4
Let h be (-1)/7*231/(-99). Let y(n) be the third derivative of 0*n - 3*n**2 + 1/24*n**4 + 0 + h*n**3. Determine y(6).
8
Let f be 1 - -2 - (21 + -18). Let n(p) = -p**3 + p**2 + p. Let l(a) = -4*a**3 + 2*a**2 + 4*a - 6. Let o(z) = l(z) - 3*n(z). Calculate o(f).
-6
Let b(i) be the third derivative of 3*i**4/8 + i**3/6 - 8*i**2 + 3. Let s(f) = -f - 20. Let j be s(-21). What is b(j)?
10
Let d(b) be the first derivative of b**3/3 + 5*b**2/2 + 7*b + 105. Give d(-3).
1
Let p(h) = 3*h - 19. Let v(j) = 2*j - 13. Let r(g) = -5*p(g) + 7*v(g). Let o be (-1)/(4/16*-1). Suppose 5 = o*q + 17. Give r(q).
7
Let z be 10 - -1*(19 + -8). Let y(u) = u**3 - 20*u**2 - 20*u - 9. Determine y(z).
12
Suppose -g + 4 = t, -5*t - 6 = -1. Let h(m) = -m + 10. Give h(g).
5
Let x(q) be the third derivative of q**5/60 - q**4/4 + q**3/6 + 997*q**2. Let m be (-2 + 10/6)*-15. Calculate x(m).
-4
Let k(a) be the first derivative of 14 - 1/3*a**3 + 1/2*a**2 - 2*a. Let h = 7 - 5. Give k(h).
-4
Let d(i) = -3*i - 16. Let v(r) = 3*r**3 + 3*r**2 - 3*r - 1. Let n be v(-2). Calculate d(n).
5
Let t(o) = 5 + o + 0*o + 0*o. Let k = 39 + -43. Let v be (33/12 + k)*-4. Determine t(v).
10
Let j(h) = -h - 8. Suppose -2*w - 9*t = -5*t + 2, -15 = -5*t. What is j(w)?
-1
Suppose 0 = -7*a - 4*f - 104, 25 - 75 = 5*a - 2*f. Let j(w) = -w - 2. Calculate j(a).
10
Let s = -127 + 127. Let b(r) be the second derivative of -5*r + 1/2*r**2 + s - 1/6*r**3. Calculate b(6).
-5
Let j(u) = 42*u. Let n(h) = -17*h - 1. Let z(d) = 2*j(d) + 5*n(d). Determine z(-7).
2
Let d(x) = x**2 - 5*x + 10. Let i(v) = v**2 - 6*v + 12. Let j(q) = 5*d(q) - 4*i(q). What is j(-4)?
22
Let h(x) be the second derivative of -x**4/6 - 2*x**3/3 - x**2 + 67*x. Let l = 10 - 6. Let n = l + -6. What is h(n)?
-2
Let c(w) be the second derivative of -w**4/12 + w**3/6 - 7*w**2/2 - w. Let y = -17 - -19. Suppose 3*h + y*g + 10 = 0, -5*h - 5 = 3*g - 2*g. Give c(h).
-7
Suppose k - 3*k = -4. Suppose 4*x + 0*x - 8 = 0. Let n(w) = 6 + w**3 - 2*w**2 + 4*w**x - w**k + w - 2*w**3. What is n(0)?
6
Suppose 2*o - 10 = 4*o. Let b(f) = -f. Let x(u) = -4*u + 5. Let s(i) = o*b(i) + x(i). Calculate s(4).
9
Let z(w) = 11*w - 1. Let b(t) = t**3 + t**2 - 2*t + 8. Let o be b(0). Let u = o + -9. What is z(u)?
-12
Let j(f) be the first derivative of 0*f**2 + 1/3*f**3 + 5/24*f**4 + 0*f**5 + 0*f + 4 + 1/360*f**6. Let w(n) be the third derivative of j(n). Determine w(0).
5
Let l(t) = -2*t**3 + 3*t**2 - t + 1. Let s be l(2). Let c(g) = -6 - 11*g**2 + g**3 - 4*g + 16*g**2 + 0*g**3 - 1 + 2*g. What is c(s)?
3
Let c(b) = b**3 + 8*b**2 + 4*b - 5. Let w = -34 + 58. Suppose -i - l - 1 = -4*l, 2*i = -5*l - w. Give c(i).
16
Let g = -97 + 84. Let i be g/(-7) - (-7)/49. Let z(b) = b**2 + b - 1. Give z(i).
5
Suppose -5*l + f = 26, -f = -4*l + 7 - 28. Let d(w) = -3*w - 2. Calculate d(l).
13
Let j(x) = -2*x**2 + 8*x + 2. Let a be j(5). Let z(v) = -v**2 - 11*v + 7. What is z(a)?
31
Let i(z) be the third derivative of z**5/60 - 5*z**4/24 - 5*z**3/6 - 2*z**2. Suppose -j = -7 + 2. Suppose -c = 2*c + j*m - 23, 5*m - 29 = -4*c. Give i(c).
1
Let c(d) = d - 2. Let s be c(7). Let k(g) be the first derivative of -g**4/4 + 4*g**3/3 + 3*g**2 - 21. What is k(s)?
5
Let l = 11 + -5. Let x(s) = 5*s - 32. Let o(z) = -14*z + 91. Let k(m) = 4*o(m) + 11*x(m). Calculate k(l).
6
Let s(y) = -7 + 0 + 34*y + 5 - 53*y. What is s(2)?
-40
Let j(q) = 2*q**2 + 27*q - 12. Let a be j(-14). Let d(y) = 3*y - 4. Let p be d(a). Let c(h) = h - 2. Give c(p).
0
Let j(q) = 2*q**2 + 16*q + 19. Let h be j(-5). Let p(a) = -a**3 - 11*a**2 + a + 16. Give p(h).
5
Let v(g) = -g**3 + 6*g**2 + g. Let w be (5/15)/((-2)/24). Let z be (34 + (-12)/w)/1. Let y = z + -31. Determine v(y).
6
Let i(g) = 15*g - 10*g - 7 - 7*g. Give i(-7).
7
Suppose -2*b = 4*s - 176, 3*s - 4*b + 51 = 4*s. Let q(v) = -49*v - s*v + 101*v + 3. Determine q(-2).
-15
Let y(t) = -5*t - 1. Let x be y(1). Let f be x*(4/12)/(2/4). Let r(p) = p**3 + 4*p**2 - p - 2. Give r(f).
2
Suppose -3*d + 2*k = -63, 0 = -0*k + 2*k - 6. Let s(f) = f**3 + d - f - 5*f**2 - 9 - 16. Give s(5).
-7
Let k(j) = 2*j**2 - 9*j. Suppose -68 = -3*w + 127. Let f = -59 + w. Calculate k(f).
18
Let s(o) = 39*o + 208. Let n be s(-5). Let y(i) = i - 18. Calculate y(n).
-5
Let d = -93 + 101. Let g(u) be the first derivative of -u**2 + 11*u + 1. What is g(d)?
-5
Let t(x) = -8*x + x + 0*x + 6*x. Let c = -5 - 0. Determine t(c).
5
Let z be 5/3 + 6/18. Let u(r) = r + 4*r**z + 4*r**3 - 5*r**3 - r**2 - 2. Let o = 3 - 0. Calculate u(o).
1
Suppose -14 = -m + 2*x, 338*x - 334*x + 32 = 0. Let s(a) be the third derivative of 5*a**4/24 + a**3/2 - a**2. What is s(m)?
-7
Let b(o) = 4*o**2 - 25*o - 13. Let m(k) = -k**2 + 8*k + 4. Let d(i) = -2*i + 6. Let h be d(4). Let g(f) = h*b(f) - 7*m(f). Suppose -2*w - 5 = 3. Calculate g(w).
6
Let s = -358 + 362. Suppose -3*b = -3*a - 21, 3*b - 20 = b + 4*a. Let d(r) = -3 + 0 + 1 + b*r - 3*r. Calculate d(s).
2
Let l(f) = -f**2 + 7*f + 3. Let d(r) = -6 + 2*r**3 - 5 + 2*r + 9*r**2 - 3*r**3 + 0. Let k be d(9). Determine l(k).
3
Let y(c) = 9*c + 1. Suppose -o + 3 + 2 = 0. Let u = -4 + o. Let h be (2 - (-1)/(-1))/u. What is y(h)?
10
Let g be (6/15)/((-2)/20). Let z be 2 + (3 - (g - 10)). Let m = z + -24. Let a(k) = k**3 + 4*k**2 - 5*k - 4. What is a(m)?
-4
Let t(g) be the first derivative of -2*g**3/3 + 6*g**2 - g - 290. Calculate t(5).
9
Let g(x) = x**2 + 8*x - 13. Let s be 90/21 + -4 - (-348)/(-42). Calculate g(s).
-13
Suppose -23*g - 30 = -18*g. Let w(r) = -8*r - 7. Calculate w(g).
41
Let r(d) = -5*d + 2. Suppose -90 = 24*g - 18*g. Suppose 5*m = -0*m. Let k be g/5*(m - 1). Give r(k).
-13
Let l = 38/9 - 23/9. Let v(b) be the first derivative of -l*b**3 + 9 - 3/2*b**2 - 1/4*b**4 + 4*b. What is v(-3)?
-5
Suppose -a - 2 = 0, 0 = k + 4*a - 0 + 10. Let z be 2 + k*(-2)/4. Let b(s) = -s**z - 3*s**2 - 1 + 3*s**3 - s**3 + 3 - 2*s. What is b(3)?
-4
Let b(j) = j**3 - 2*j**2 - 3*j + 2. Suppose 2 = i - r, -5 = -8*i + 5*i + 4*r. Calculate b(i).
2
Let j(r) = -7*r + 23. Let c be j(3). Let z(w) = -w**2 - w + 2*w**2 + 2*w - w**3. Determine z(c).
-2
Let t be 2 + 8/2 + -7. Let c be (5 + -1)/(t/2). Let g = 11 + c. Let y(n) = n**3 - 4*n**2 - n + 1. What is y(g)?
-11
Suppose -11*w + 1518 - 1408 = 0. Let t(h) = -h**2 + 11*h - 5. Determine t(w).
5
Let d(u) = u**3 + 5*u**2 + u + 5. Suppose -7 - 18 = 5*j. Let s be d(j). Let v(k) = 4 + 3*k - 3 + s*k - 2*k. Give v(4).
5
Let d(y) = -10 - 7 + y**2 + y + 7. Give d(0).
-10
Let b(k) = 2*k. Let r be b(2). Let h(g) = g**3 - 2*g**2 - 7*g + 5. Give h(r).
9
Let r(b) be the second derivative of b**3/2 - 2*b**2 - b. Let u(h) = h**2 + 13*h - 7. Let p be u(-12). Let v(x) = x**2 + 21*x + 42. Let w be v(p). What is r(w)?
8
Let f be 2/10*0/(-26). Let v(n) be the second derivative of n**3/6 + 3*n**2 + 3*n. Give v(f).
6
Let b(i) = -7*i**2 + 17*i - 6. Let f(k) = 3*k**2 + 3*k - 1. Let x(n) = b(n) - 6*f(n). What is x(1)?
-26
Let p(s) = -s**3 + s**2 + s - 1. Let v(k) = -8*k**3 + 3*k**2 + 4*k - 3. Let l(c) = c**2 - 3*c + 3. Let r be l(2). Let u(f) = r*v(f) - 4*p(f). Give u(-1).
4
Let z(q) = q**3 + 5*q**2 + 2*q - 5. Let h be z(-4). Suppose -9 = h*n - 48. Let k(r) = -r**2 + 14*r - 6. Determine k(n).
7
Let y(l) = l**2 + 4*l + 2. Let f be (-1599)/390 - 1/(-10). Determine y(f).
2
Let r be 324/(-135)*(-5)/2. Let b(j) = -2*j + 1. What is b(r)?
-11
Let p(x) be the first derivative of -x**4/12 - x**3 - 2*x - 4. Let q(v) be the first derivative of p(v). Let t be -10 - (-4)/2 - -3. Calculate q(